t = 2*x - 56. What is the units digit of t?
6
Let o(n) = -12*n + 3. Suppose 3*p - 8*p = 25. Let c be o(p). Suppose 5*y - c = 12. What is the tens digit of y?
1
Let w(f) = -27*f**3 + f + 1. What is the tens digit of w(-1)?
2
Let t(g) = -g**3 - 8. Let q be t(0). Let u = q + 19. What is the units digit of u?
1
Suppose -4*g - g = 4*p - 10, -4*p + 14 = 3*g. What is the units digit of ((-25)/5)/(2/g)?
5
Let z = -20 - 16. Let r = z + 68. What is the tens digit of r?
3
Suppose 6 = -3*p, -2*s + p = 2*p - 24. Suppose 0 = 2*h - s - 9. Let r = 16 - h. What is the units digit of r?
5
Suppose -3*f = -2*c - 6, -f + 1 = -c - 3. Let u = c - -2. What is the tens digit of ((-75)/20)/(1/u)?
1
What is the tens digit of ((-3)/30*-5)/(1/34)?
1
Suppose -39 = 5*c + 46. Let v = 34 + c. What is the units digit of v?
7
Suppose 4*k + 0 + 8 = 0. Let c = 0 - k. What is the units digit of c?
2
Let j = 45 + -32. What is the tens digit of j?
1
Let r = 8 - 9. Let b(q) = -31*q**3 - 2*q**2 - q. Let x be b(r). What is the units digit of (x/(-9))/(2/(-6))?
0
Let y be 3*-3*(-6)/27. Suppose -3*s = -y*s - 66. Suppose -5*o + i + 3*i + s = 0, o = 3*i + 22. What is the tens digit of o?
1
Suppose 5*f - 2*s = -6*s, 0 = -5*f + 3*s - 35. Let g = f + 6. What is the units digit of g?
2
Let j(m) be the second derivative of m**4/4 - m**3/6 - 3*m**2/2 - m. Let g be j(3). Let s = 29 - g. What is the units digit of s?
8
Let c(u) = 2*u**2 - 9*u + 10. What is the units digit of c(5)?
5
Suppose 4*x - 105 - 75 = 0. What is the units digit of x?
5
Suppose -v - 192 = -5*v + 4*m, 4*v = 2*m + 200. What is the tens digit of v?
5
Let f be 90/(-25) + 6/(-15). What is the units digit of (2 + f + 1)*-31?
1
Let k = 402 - 282. What is the tens digit of k?
2
Let x = 2 + 5. Let r = -10 + x. What is the units digit of r + 9 + (4 - 3)?
7
Let z = 9 + -10. What is the units digit of 3 + 0 + 1/z?
2
Suppose 4*l - 139 = 193. Suppose 3*v + 0*v - l = -5*q, 2*v - 82 = -5*q. What is the units digit of q?
6
Let l(s) = 6*s**3 - 16*s**2 + 11*s - 3. Let q(p) = -7*p**3 + 17*p**2 - 11*p + 3. Let y(t) = 6*l(t) + 5*q(t). What is the units digit of y(10)?
7
Suppose -b + 6*b = 110. Let v = b - -16. What is the tens digit of v?
3
Let g(w) = -56*w**3 + 2*w**2 + 4*w + 5. What is the tens digit of g(-2)?
5
Let t(j) = -j + 10. Let u be t(7). Suppose -4*m - u*z + 104 = -8*z, -2*m + 52 = z. Let n = -16 + m. What is the tens digit of n?
1
Let j = 5 - 2. Suppose j*n - 93 = 2*b + 3*b, -116 = -4*n + 4*b. What is the tens digit of n?
2
Let v(s) = -2*s**3 + s**2 - 11*s + 17. Let l(j) = 3*j**3 - 2*j**2 + 16*j - 25. Let k(y) = 5*l(y) + 7*v(y). What is the units digit of k(4)?
2
Let s(t) = -t**3 + 6*t**2 + 3*t - 7. Let c be (-5)/(-2*1 - -1). Let o be s(c). Suppose 3*v = -12 + o. What is the units digit of v?
7
Suppose -4*s = 2*u - 0*s - 12, 5*u + 30 = 2*s. Let m(f) = -f + 1. What is the units digit of m(u)?
5
Let l = 7 - -2. Let n = l - -18. What is the tens digit of n?
2
Suppose -2*o - 2 = -3*f + 1, -5*o + 3*f + 6 = 0. Suppose 0 = o*h + 3*a - 30, 4*a = h + a + 10. Suppose 1 = -h*j + 11. What is the units digit of j?
2
What is the units digit of ((-1)/(-3))/(1/147)?
9
Let k(i) = -i**3 + 11*i**2 - 9*i + 1. What is the units digit of k(10)?
1
What is the tens digit of 1/(-2)*-10 - -26?
3
Let v(j) = j**2 + j - 7. Let f be 2/3*(-75)/10. What is the tens digit of v(f)?
1
Let d = -32 + 41. What is the units digit of d?
9
Suppose -3*f + f = 0. Suppose f = -3*c - d + 55, 0*c - 4*c = 5*d - 66. Let w = -1 + c. What is the tens digit of w?
1
Suppose -4*g + 3 + 10 = x, -4*x + 24 = 2*g. Suppose -3*r + 1 = -g. What is the units digit of r?
1
Suppose 0 = -3*t + 1 - 25. Let r be t/(-3)*(-6)/(-1). Suppose -c - r = -5*c. What is the units digit of c?
4
Let p = 53 + -16. Suppose -5*w - 12 = -p. What is the units digit of w?
5
Let s(q) = q + 3. Let r be s(-1). Suppose 4*g = 2*g + r. What is the units digit of g?
1
Let j(q) = -q + 13. Let g be j(9). Suppose -3*x - 5 + 2 = 0, -g*x - 43 = -3*c. What is the tens digit of c?
1
Let b = -4 + 82. What is the tens digit of b?
7
Let s(w) = 2*w**2 - 11*w + 16. What is the units digit of s(-7)?
1
Let d be ((-25)/3)/(2/(-6)). Suppose -4*b + 31 = -d. What is the tens digit of b?
1
What is the tens digit of 4/(-18) - (-2274)/27?
8
Let z = 18 - 30. Let i be (8/(-6))/((-2)/z). Let t = i + 24. What is the tens digit of t?
1
Let n(d) = -3*d**2 - 3*d - 5. Let o be n(4). Let l = -40 - o. Let r = l - 4. What is the tens digit of r?
2
What is the tens digit of 308/(-33)*36/(-14)?
2
What is the tens digit of (-4)/(-6) - 3094/(-21)?
4
Let f be (-7110)/(-99) - 4/(-22). Suppose 0*t - 3*t + 5*y = -60, y + f = 3*t. What is the tens digit of t?
2
Suppose -5*d = -100 + 15. Suppose 4*b - 29 = -5*m, -3*m + 2*m - d = -3*b. Suppose b = -0*o + 3*o. What is the units digit of o?
2
Suppose -3*v = -0*v + 60. Suppose -1 = r - 11. What is the units digit of (-24)/r*v/6?
8
Let v be ((-8)/10)/((-6)/465). Suppose 4*b = 6*b - v. Let w = b - 22. What is the units digit of w?
9
Let s(u) = -u**3 - 5*u**2 - 5*u + 2. Let f be s(-6). Suppose -3*k = -2*k + f. What is the units digit of (-2)/8 + k/(-16)?
4
What is the tens digit of 3 + -4 + 262*1/2?
3
Suppose -15*g = -19*g + 236. What is the units digit of g?
9
Let t = -47 + 85. Suppose -4*w = 8, -5*p = -2*p - w - t. What is the units digit of p?
2
Suppose -5*s = -t - 0 + 3, s - 4*t = -12. Let x be (s/(-1) - 1)*-13. Suppose 3*g - 34 = -x. What is the units digit of g?
7
Suppose 17 = 5*r - 3. Suppose 5*m = r*o + 75, 0 = 2*m - m + o - 24. What is the tens digit of m?
1
Suppose -3*q + 103 = 2*o - 6*o, -3*q + 3*o + 105 = 0. What is the units digit of q?
7
Suppose 4*s + 48 = 376. What is the units digit of s?
2
Let p be -1 + 4 + (54 - 8). Let v = p - 33. What is the tens digit of v?
1
Let h = -8 + 11. Suppose 6*z - 48 = h*z. What is the units digit of z/3 + (-4)/12?
5
Suppose -91*u + 95*u - 608 = 0. What is the units digit of u?
2
Let u(f) = -282*f - 10. What is the tens digit of u(-1)?
7
What is the units digit of (2 - (4 + -1))*11/(-1)?
1
Suppose 5*t - 5*f = -10, 3*f - 4 = 4*t - 1. Suppose 3*a = -0*a + t*h + 117, -h - 3 = 0. What is the units digit of a?
6
Let a be 1/(-3) - 90/(-27). Suppose 0*h = 3*h - 3. Suppose a*n + h - 10 = 0. What is the units digit of n?
3
Suppose -24 = -5*j + 1. Suppose -90 = -j*v - 5*g, -19 = v - 2*v - 2*g. What is the units digit of v?
7
Let y(b) be the second derivative of 7*b**4/4 + 4*b. What is the units digit of y(1)?
1
Let b(s) = -s**3 - 6*s**2. Let t be b(-6). Suppose -3*j + 6*j = t. Suppose 0 = k - j - 4. What is the units digit of k?
4
Let t(m) be the third derivative of -m**7/1680 + m**5/20 - m**2. Let o(a) be the third derivative of t(a). What is the units digit of o(-1)?
3
Let g = 40 + -2. Suppose g - 6 = -4*x. Let w = -4 - x. What is the units digit of w?
4
Suppose -40 = -l - 5. What is the units digit of l?
5
Let w(m) = 2*m - 9. Let r(x) = -6*x + 28. Let q(p) = 3*r(p) + 10*w(p). What is the units digit of q(6)?
6
Suppose 2*u = -u + 69. What is the tens digit of u?
2
Suppose s + 16 = -5*q, 4*s + 3*q - 4 = -0. Suppose -s*r + 5*r - 12 = 0. What is the tens digit of r?
1
Suppose 5*o + d = 293, -3*o - 2*d = -d - 175. What is the units digit of o?
9
Suppose -3*q + 3 = -p - 3, 3*p = 2*q + 3. What is the units digit of 9/(6 - p) + 6?
9
Let x(d) = d**2 - 2*d - 3. Let g be x(9). Suppose -6*c + 3*c + g = 0. What is the units digit of c?
0
Suppose 5 - 15 = -2*p. Let a(l) = 8*l - 2. What is the tens digit of a(p)?
3
Let m be 12/8*(1 - -1). Suppose -3*z = -12 - m. What is the units digit of z?
5
Suppose -t + 36 = 3*t. Suppose 3*o + t = -i, 0 = -2*i + 4*o + 12. Let j = 9 + i. What is the units digit of j?
9
What is the hundreds digit of (565/(-15))/(15/9 - 2)?
1
Let p = 7 - 2. Let f(m) = -m**3 + 5*m**2 + 2*m + 5. What is the tens digit of f(p)?
1
Suppose -4*a - 2*l = -38, -4*a + 21 + 32 = -l. Let x be -2 + 1 + (-1 - 1). What is the units digit of a/9 - 2/x?
2
Let c(g) be the third derivative of -g**6/120 + g**5/10 - g**4/8 - g**3 + 2*g**2. Let u be c(5). Suppose -q = 2 - u. What is the units digit of q?
2
Let x(d) = -121*d + 4. What is the hundreds digit of x(-3)?
3
Let g(p) = -p**2 - 3. Let h be g(3). Let w = h - -35. What is the tens digit of w?
2
Let d(g) = -g**3 + g**2 + 4*g - 2. Let f(z) = -